{"id":410,"date":"2024-01-04T23:39:46","date_gmt":"2024-01-04T22:39:46","guid":{"rendered":"https:\/\/bischoff.kaleidoskop-websites.de\/?page_id=410"},"modified":"2024-07-07T22:23:53","modified_gmt":"2024-07-07T20:23:53","slug":"news-und-events","status":"publish","type":"page","link":"https:\/\/bischoff.kaleidoskop-websites.de\/?page_id=410","title":{"rendered":"News und Events"},"content":{"rendered":"<p>[et_pb_section fb_built=&#8220;1&#8243; _builder_version=&#8220;4.26.0&#8243; _module_preset=&#8220;default&#8220; background_image=&#8220;https:\/\/bischoff.kaleidoskop-websites.de\/wp-content\/uploads\/2024\/01\/news-und-events-hero.jpg&#8220; height=&#8220;60vh&#8220; hover_enabled=&#8220;0&#8243; global_colors_info=&#8220;{}&#8220; height_last_edited=&#8220;on|phone&#8220; height_phone=&#8220;30vh&#8220; sticky_enabled=&#8220;0&#8243; height_tablet=&#8220;60vh&#8220;][\/et_pb_section][et_pb_section fb_built=&#8220;1&#8243; _builder_version=&#8220;4.26.0&#8243; _module_preset=&#8220;default&#8220; background_color=&#8220;RGBA(124,218,36,0)&#8220; positioning=&#8220;none&#8220; custom_margin=&#8220;-150px||||false|false&#8220; custom_padding=&#8220;0px||||false|false&#8220; hover_enabled=&#8220;0&#8243; global_colors_info=&#8220;{}&#8220; custom_margin_last_edited=&#8220;on|phone&#8220; custom_margin_phone=&#8220;0px||||false|false&#8220; sticky_enabled=&#8220;0&#8243; custom_margin_tablet=&#8220;-150px||||false|false&#8220;][et_pb_row _builder_version=&#8220;4.23&#8243; _module_preset=&#8220;default&#8220; background_color=&#8220;#FFFFFF&#8220; width=&#8220;100%&#8220; max_width=&#8220;1280px&#8220; custom_padding=&#8220;0px||0px||false|false&#8220; border_radii=&#8220;off||||&#8220; border_width_top=&#8220;5px&#8220; border_color_top=&#8220;#01509E&#8220; box_shadow_style=&#8220;preset1&#8243; box_shadow_spread=&#8220;-5px&#8220; global_colors_info=&#8220;{}&#8220;][et_pb_column type=&#8220;4_4&#8243; _builder_version=&#8220;4.23&#8243; _module_preset=&#8220;default&#8220; global_colors_info=&#8220;{}&#8220;][et_pb_text _builder_version=&#8220;4.26.0&#8243; _module_preset=&#8220;default&#8220; text_font=&#8220;Montserrat||||||||&#8220; text_text_color=&#8220;#0A0908&#8243; header_font=&#8220;|800|||||||&#8220; header_font_size=&#8220;50px&#8220; background_color=&#8220;RGBA(124,218,36,0)&#8220; custom_margin=&#8220;60px|75px||75px|false|false&#8220; custom_padding=&#8220;||||false|false&#8220; hover_enabled=&#8220;0&#8243; global_colors_info=&#8220;{}&#8220; header_font_size_last_edited=&#8220;on|phone&#8220; header_font_size_phone=&#8220;35px&#8220; custom_margin_last_edited=&#8220;on|phone&#8220; custom_margin_phone=&#8220;50px|19%|0px|10%|false|false&#8220; sticky_enabled=&#8220;0&#8243; header_font_size_tablet=&#8220;50px&#8220; custom_margin_tablet=&#8220;60px|75px||75px|false|false&#8220;]<\/p>\n<h1>News und Events<\/h1>\n<p>[\/et_pb_text][et_pb_text _builder_version=&#8220;4.26.0&#8243; _module_preset=&#8220;default&#8220; text_font=&#8220;Montserrat||||||||&#8220; text_text_color=&#8220;#0A0908&#8243; header_font=&#8220;Fira Sans|900||on|||||&#8220; header_font_size=&#8220;70px&#8220; header_line_height=&#8220;1.5em&#8220; background_color=&#8220;RGBA(124,218,36,0)&#8220; custom_margin=&#8220;|75px|60px|75px|false|false&#8220; custom_padding=&#8220;||||false|false&#8220; hover_enabled=&#8220;0&#8243; global_colors_info=&#8220;{}&#8220; custom_margin_last_edited=&#8220;on|phone&#8220; custom_margin_phone=&#8220;|10%|60px|10%|false|false&#8220; sticky_enabled=&#8220;0&#8243; custom_margin_tablet=&#8220;|75px|60px|75px|false|false&#8220;]<\/p>\n<p>Aktuelles und Events von Bischoff Stein + Design aus Lauffen am Neckar. In und um unser Unternehmen herum veranstalten wir von Zeit zu Zeit mit Partnern, Kunden oder Mitarbeitern gemeinsame Events.<\/p>\n<p>[\/et_pb_text][\/et_pb_column][\/et_pb_row][et_pb_row _builder_version=&#8220;4.23&#8243; _module_preset=&#8220;default&#8220; positioning=&#8220;absolute&#8220; position_origin_a=&#8220;bottom_center&#8220; vertical_offset=&#8220;-6px&#8220; z_index=&#8220;10&#8243; width=&#8220;100%&#8220; max_width=&#8220;1280px&#8220; global_colors_info=&#8220;{}&#8220;][et_pb_column type=&#8220;4_4&#8243; _builder_version=&#8220;4.23&#8243; _module_preset=&#8220;default&#8220; global_colors_info=&#8220;{}&#8220;][et_pb_icon font_icon=&#8220;&#x22;||divi||400&#8243; icon_color=&#8220;#FFFFFF&#8220; icon_width=&#8220;35px&#8220; url=&#8220;#footer&#8220; _builder_version=&#8220;4.26.0&#8243; _module_preset=&#8220;default&#8220; background_color=&#8220;#01509E&#8220; custom_padding=&#8220;20px|25px|20px|25px|false|false&#8220; hover_enabled=&#8220;0&#8243; border_color_all=&#8220;#FFFFFF&#8220; global_colors_info=&#8220;{}&#8220; custom_padding_last_edited=&#8220;on|phone&#8220; custom_padding_phone=&#8220;10px|10px|10px|10px|false|false&#8220; sticky_enabled=&#8220;0&#8243; custom_padding_tablet=&#8220;20px|25px|20px|25px|false|false&#8220;][\/et_pb_icon][\/et_pb_column][\/et_pb_row][\/et_pb_section][et_pb_section fb_built=&#8220;1&#8243; _builder_version=&#8220;4.23&#8243; _module_preset=&#8220;default&#8220; background_color=&#8220;#FFFFFF&#8220; custom_padding=&#8220;||||false|false&#8220; global_colors_info=&#8220;{}&#8220;][et_pb_row _builder_version=&#8220;4.23&#8243; _module_preset=&#8220;default&#8220; max_width=&#8220;1280px&#8220; custom_padding=&#8220;0px||0px||false|false&#8220; global_colors_info=&#8220;{}&#8220;][et_pb_column type=&#8220;4_4&#8243; _builder_version=&#8220;4.23&#8243; _module_preset=&#8220;default&#8220; global_colors_info=&#8220;{}&#8220;][et_pb_text _builder_version=&#8220;4.26.0&#8243; _module_preset=&#8220;default&#8220; text_font=&#8220;||||||||&#8220; link_font=&#8220;||||on||||&#8220; link_text_color=&#8220;#0A0908&#8243; header_2_font=&#8220;|800|||||||&#8220; hover_enabled=&#8220;0&#8243; global_colors_info=&#8220;{}&#8220; header_2_font_size_last_edited=&#8220;on|phone&#8220; header_2_font_size_phone=&#8220;30px&#8220; sticky_enabled=&#8220;0&#8243;]<\/p>\n<h2>Aktuelles und Events<\/h2>\n<p>[\/et_pb_text][\/et_pb_column][\/et_pb_row][et_pb_row _builder_version=&#8220;4.23&#8243; _module_preset=&#8220;default&#8220; max_width=&#8220;1280px&#8220; custom_padding=&#8220;||0px||false|false&#8220; global_colors_info=&#8220;{}&#8220;][et_pb_column type=&#8220;4_4&#8243; _builder_version=&#8220;4.23&#8243; _module_preset=&#8220;default&#8220; global_colors_info=&#8220;{}&#8220;][et_pb_text _builder_version=&#8220;4.23&#8243; _module_preset=&#8220;default&#8220; text_font=&#8220;||||||||&#8220; link_font=&#8220;||||on||||&#8220; link_text_color=&#8220;#0A0908&#8243; header_2_font=&#8220;|800|||||||&#8220; global_colors_info=&#8220;{}&#8220;]Hier bloggen wir unsere News und Events auf Facebook f\u00fcr Sie[\/et_pb_text][et_pb_code _builder_version=&#8220;4.25.2&#8243; _module_preset=&#8220;default&#8220; global_colors_info=&#8220;{}&#8220;]<iframe loading=\"lazy\" src=\"https:\/\/www.facebook.com\/plugins\/page.php?href=https%3A%2F%2Fwww.facebook.com%2Fpeople%2FNaturstein-lauffen%2F61556244130719%2F&#038;tabs=timeline&#038;width=500&#038;height=500&#038;small_header=true&#038;adapt_container_width=true&#038;hide_cover=false&#038;show_facepile=false&#038;appId\" width=\"500\" height=\"500\" style=\"border:none;overflow:hidden\" scrolling=\"no\" frameborder=\"0\" allowfullscreen=\"true\" allow=\"autoplay; clipboard-write; encrypted-media; picture-in-picture; web-share\"><\/iframe>[\/et_pb_code][et_pb_text _builder_version=&#8220;4.25.2&#8243; _module_preset=&#8220;default&#8220; background_color=&#8220;#F8F8F8&#8243; height=&#8220;500px&#8220; global_colors_info=&#8220;{}&#8220;][\/et_pb_text][\/et_pb_column][\/et_pb_row][\/et_pb_section][et_pb_section fb_built=&#8220;1&#8243; _builder_version=&#8220;4.23&#8243; _module_preset=&#8220;default&#8220; background_color=&#8220;#FFFFFF&#8220; custom_padding=&#8220;||||false|false&#8220; global_colors_info=&#8220;{}&#8220;][et_pb_row column_structure=&#8220;1_2,1_2&#8243; _builder_version=&#8220;4.23&#8243; _module_preset=&#8220;default&#8220; max_width=&#8220;1280px&#8220; custom_padding=&#8220;0px||0px||false|false&#8220; global_colors_info=&#8220;{}&#8220;][et_pb_column type=&#8220;1_2&#8243; _builder_version=&#8220;4.23&#8243; _module_preset=&#8220;default&#8220; global_colors_info=&#8220;{}&#8220;][et_pb_image src=&#8220;https:\/\/bischoff.kaleidoskop-websites.de\/wp-content\/uploads\/2024\/01\/news-und-events-simone-weiss.jpg&#8220; title_text=&#8220;news-und-events-simone-wei\u00df&#8220; _builder_version=&#8220;4.26.0&#8243; _module_preset=&#8220;default&#8220; hover_enabled=&#8220;0&#8243; box_shadow_style=&#8220;preset1&#8243; box_shadow_spread=&#8220;-5px&#8220; global_colors_info=&#8220;{}&#8220; disabled_on=&#8220;off|off|on&#8220; sticky_enabled=&#8220;0&#8243;][\/et_pb_image][et_pb_text _builder_version=&#8220;4.26.0&#8243; _module_preset=&#8220;default&#8220; text_font=&#8220;||||||||&#8220; header_3_font=&#8220;|800|||||||&#8220; header_3_text_color=&#8220;#0A0908&#8243; header_3_font_size=&#8220;30px&#8220; custom_margin=&#8220;||||false|false&#8220; hover_enabled=&#8220;0&#8243; global_colors_info=&#8220;{}&#8220; header_3_font_size_last_edited=&#8220;on|phone&#8220; header_3_font_size_phone=&#8220;25px&#8220; sticky_enabled=&#8220;0&#8243; header_3_font_size_tablet=&#8220;30px&#8220;]<\/p>\n<h3>Koch- und Genussatelier mit Gesundheitscoach Simone Wei\u00df<\/h3>\n<p>Wir bieten in Zusammenarbeit mit Simone Wei\u00df in unserem Koch- und Genussatelier, Hoher Steg 27, 74348 Lauffen am Neckar, folgende Kurse f\u00fcr Sie an:<\/p>\n<p>[\/et_pb_text][et_pb_toggle title=&#8220;TCM-Fr\u00fchst\u00fcck Meets &#038; Qigong&#8220; open_toggle_text_color=&#8220;#0A0908&#8243; open_toggle_background_color=&#8220;#FFFFFF&#8220; closed_toggle_background_color=&#8220;#FFFFFF&#8220; icon_color=&#8220;#01509E&#8220; _builder_version=&#8220;4.23&#8243; _module_preset=&#8220;default&#8220; title_text_color=&#8220;#0A0908&#8243; custom_margin=&#8220;||10px||false|false&#8220; custom_padding=&#8220;20px|20px|20px|20px|false|false&#8220; border_width_all=&#8220;0px&#8220; box_shadow_style=&#8220;preset1&#8243; box_shadow_spread=&#8220;-5px&#8220; global_colors_info=&#8220;{}&#8220;]<\/p>\n<p>Mit Gesundheitscoach Susanne Wei\u00df &amp; Qigong-Trainerin Ariana Russ.<br \/>Ein warmes, gekochtes Fr\u00fchst\u00fcck bildet die Basis der Gesundheitspr\u00e4vention nach TCM. Wir kombinieren dies mit Qigong-\u00dcbungen f\u00fcr k\u00f6rperliche und seelische Gesundheit. 23. September 9-13 Uhr, Preis 89 \u20ac<\/p>\n<p>[\/et_pb_toggle][et_pb_toggle title=&#8220;Leckere Sp\u00e4tsommerk\u00fcche&#8220; open_toggle_text_color=&#8220;#0A0908&#8243; open_toggle_background_color=&#8220;#FFFFFF&#8220; closed_toggle_background_color=&#8220;#FFFFFF&#8220; icon_color=&#8220;#01509E&#8220; _builder_version=&#8220;4.23&#8243; _module_preset=&#8220;default&#8220; title_text_color=&#8220;#0A0908&#8243; custom_margin=&#8220;||10px||false|false&#8220; custom_padding=&#8220;20px|20px|20px|20px|false|false&#8220; border_width_all=&#8220;0px&#8220; box_shadow_style=&#8220;preset1&#8243; box_shadow_spread=&#8220;-5px&#8220; global_colors_info=&#8220;{}&#8220;]Kulinarische K\u00f6stlichkeiten aus Feld, Wald und Wiese kombiniert mit der modernen 5-Elemente-K\u00fcche. Mit Gast-Dozentin Isabel Ockert, Autorin des 5-Elemente-Rezeptbuches. 21. September 18-22 Uhr, Preis 89 \u20ac[\/et_pb_toggle][et_pb_toggle title=&#8220;Genussvolle Herbstk\u00fcche&#8220; open_toggle_text_color=&#8220;#0A0908&#8243; open_toggle_background_color=&#8220;#FFFFFF&#8220; closed_toggle_background_color=&#8220;#FFFFFF&#8220; icon_color=&#8220;#01509E&#8220; _builder_version=&#8220;4.23&#8243; _module_preset=&#8220;default&#8220; title_text_color=&#8220;#0A0908&#8243; custom_margin=&#8220;||10px||false|false&#8220; custom_padding=&#8220;20px|20px|20px|20px|false|false&#8220; border_width_all=&#8220;0px&#8220; box_shadow_style=&#8220;preset1&#8243; box_shadow_spread=&#8220;-5px&#8220; global_colors_info=&#8220;{}&#8220;]Die Magie des aromareichen Kochens \u2013 ein Appell an alle Sinne und St\u00e4rkung des Immunsystems. Erleben Sie die Kraft der Gew\u00fcrze mit Gesundheitscoach Susanne Wei\u00df und Gast-Dozentin Isabel Ockert, Autorin des 5-Elemente- Rezeptbuches. 16. November 18-22 Uhr, Preis 89 \u20ac[\/et_pb_toggle][et_pb_toggle title=&#8220;After-Work-Cooking&#8220; open_toggle_text_color=&#8220;#0A0908&#8243; open_toggle_background_color=&#8220;#FFFFFF&#8220; closed_toggle_background_color=&#8220;#FFFFFF&#8220; icon_color=&#8220;#01509E&#8220; _builder_version=&#8220;4.23&#8243; _module_preset=&#8220;default&#8220; title_text_color=&#8220;#0A0908&#8243; custom_margin=&#8220;||||false|false&#8220; custom_padding=&#8220;20px|20px|20px|20px|false|false&#8220; border_width_all=&#8220;0px&#8220; box_shadow_style=&#8220;preset1&#8243; box_shadow_spread=&#8220;-5px&#8220; global_colors_info=&#8220;{}&#8220;]<\/p>\n<p>Wer nach der Arbeit mit wenig Aufwand und in netter Gesellschaft schnell etwas Gesundes und Leckeres auf den Tisch zaubern will, ist hier genau richtig. Leckeres Fingerfood, Antipasti und Tapas zusammen mit einem Glas Prosecco oder Wein versprechen mediterranen Genuss. Dazu gibt es Einblick in die Wirkung von Nahrungsmitteln, Kr\u00e4utern und Gew\u00fcrzen mit Gesundheitscoach Susanne Wei\u00df und Gast-Dozentin Isabel Ockert, Autorin des 5-Elemente- Rezeptbuches. 26. Oktober 18-22 Uhr, Preis 89 \u20ac<\/p>\n<p>[\/et_pb_toggle][et_pb_button button_url=&#8220;https:\/\/kochkurse.bischoff-naturstein.de\/&#8220; url_new_window=&#8220;on&#8220; button_text=&#8220;zum Genussatelier&#8220; _builder_version=&#8220;4.25.2&#8243; _module_preset=&#8220;default&#8220; custom_button=&#8220;on&#8220; button_border_width=&#8220;0px&#8220; button_font=&#8220;Montserrat|700|||||||&#8220; button_icon=&#8220;&#x24;||divi||400&#8243; button_on_hover=&#8220;off&#8220; custom_margin=&#8220;|35px|35px||false|false&#8220; custom_padding=&#8220;10px|45px|10px|25px|true|false&#8220; box_shadow_style=&#8220;preset1&#8243; global_colors_info=&#8220;{}&#8220; button_text_color__hover_enabled=&#8220;off|hover&#8220; button_bg_color__hover=&#8220;#4477B9&#8243;][\/et_pb_button][\/et_pb_column][et_pb_column type=&#8220;1_2&#8243; _builder_version=&#8220;4.23&#8243; _module_preset=&#8220;default&#8220; global_colors_info=&#8220;{}&#8220;][et_pb_image src=&#8220;https:\/\/bischoff.kaleidoskop-websites.de\/wp-content\/uploads\/2024\/01\/news-und-events-simone-weiss.jpg&#8220; title_text=&#8220;news-und-events-simone-wei\u00df&#8220; _builder_version=&#8220;4.26.0&#8243; _module_preset=&#8220;default&#8220; hover_enabled=&#8220;0&#8243; box_shadow_style=&#8220;preset1&#8243; box_shadow_spread=&#8220;-5px&#8220; global_colors_info=&#8220;{}&#8220; disabled_on=&#8220;on|on|off&#8220; sticky_enabled=&#8220;0&#8243;][\/et_pb_image][\/et_pb_column][\/et_pb_row][\/et_pb_section][et_pb_section fb_built=&#8220;1&#8243; _builder_version=&#8220;4.23&#8243; _module_preset=&#8220;default&#8220; background_color=&#8220;#F8F8F8&#8243; custom_padding=&#8220;||||false|false&#8220; global_colors_info=&#8220;{}&#8220;][et_pb_row column_structure=&#8220;1_2,1_2&#8243; _builder_version=&#8220;4.23&#8243; _module_preset=&#8220;default&#8220; max_width=&#8220;1280px&#8220; custom_padding=&#8220;0px||0px||false|false&#8220; global_colors_info=&#8220;{}&#8220;][et_pb_column type=&#8220;1_2&#8243; _builder_version=&#8220;4.23&#8243; _module_preset=&#8220;default&#8220; global_colors_info=&#8220;{}&#8220;][et_pb_image src=&#8220;https:\/\/bischoff.kaleidoskop-websites.de\/wp-content\/uploads\/2024\/01\/news-und-events-schozach-bottwartal.jpg&#8220; title_text=&#8220;news-und-events-schozach-bottwartal&#8220; _builder_version=&#8220;4.23&#8243; _module_preset=&#8220;default&#8220; global_colors_info=&#8220;{}&#8220;][\/et_pb_image][\/et_pb_column][et_pb_column type=&#8220;1_2&#8243; _builder_version=&#8220;4.23&#8243; _module_preset=&#8220;default&#8220; global_colors_info=&#8220;{}&#8220;][et_pb_text _builder_version=&#8220;4.26.0&#8243; _module_preset=&#8220;default&#8220; text_font=&#8220;||||||||&#8220; header_3_font=&#8220;|800|||||||&#8220; header_3_text_color=&#8220;#0A0908&#8243; header_3_font_size=&#8220;30px&#8220; custom_margin=&#8220;||||false|false&#8220; hover_enabled=&#8220;0&#8243; global_colors_info=&#8220;{}&#8220; header_3_font_size_last_edited=&#8220;on|phone&#8220; header_3_font_size_phone=&#8220;25px&#8220; sticky_enabled=&#8220;0&#8243; header_3_font_size_tablet=&#8220;30px&#8220;]<\/p>\n<h3>Wir sind Sponsor der SG Schozach-Bottwartal<\/h3>\n<p>Wir unterst\u00fctzen die SG Schozach-Bottwartal, die sich nicht nur als Spielgemeinschaft im Handball versteht, sondern auch als Bildungspartner von Elternhaus, Schule, Kindergarten und Kommune. Wir wollen damit sowohl kompetitiven Leistungssport, als auch aktives soziales und demokratisches Leben vor Ort speziell auch f\u00fcr Kinder und Jugendliche f\u00f6rdern.<\/p>\n<p>[\/et_pb_text][\/et_pb_column][\/et_pb_row][\/et_pb_section]<\/p>\n","protected":false},"excerpt":{"rendered":"<p>News und EventsAktuelles und Events von Bischoff Stein + Design aus Lauffen am Neckar. In und um unser Unternehmen herum veranstalten wir von Zeit zu Zeit mit Partnern, Kunden oder Mitarbeitern gemeinsame Events.Aktuelles und EventsHier bloggen wir unsere News und Events auf Facebook f\u00fcr SieKoch- und Genussatelier mit Gesundheitscoach Simone Wei\u00df Wir bieten in Zusammenarbeit [&hellip;]<\/p>\n","protected":false},"author":1,"featured_media":0,"parent":0,"menu_order":0,"comment_status":"closed","ping_status":"closed","template":"","meta":{"_et_pb_use_builder":"on","_et_pb_old_content":"","_et_gb_content_width":"","footnotes":""},"class_list":["post-410","page","type-page","status-publish","hentry"],"yoast_head":"<!-- This site is optimized with the Yoast SEO plugin v27.4 - https:\/\/yoast.com\/product\/yoast-seo-wordpress\/ -->\n<title>Aktuelle Naturstein-News - Bischoff Stein + Design<\/title>\n<meta name=\"description\" content=\"Bleiben Sie informiert \u00fcber die neuesten News und Events. \ud83d\udcde Jetzt informieren!\" \/>\n<meta name=\"robots\" content=\"index, follow, max-snippet:-1, max-image-preview:large, max-video-preview:-1\" \/>\n<link rel=\"canonical\" href=\"https:\/\/bischoff.kaleidoskop-websites.de\/?page_id=410\" \/>\n<meta property=\"og:locale\" content=\"de_DE\" \/>\n<meta property=\"og:type\" content=\"article\" \/>\n<meta property=\"og:title\" content=\"Aktuelle Naturstein-News - Bischoff Stein + Design\" \/>\n<meta property=\"og:description\" content=\"Bleiben Sie informiert \u00fcber die neuesten News und Events. \ud83d\udcde Jetzt informieren!\" \/>\n<meta property=\"og:url\" content=\"https:\/\/bischoff.kaleidoskop-websites.de\/?page_id=410\" \/>\n<meta property=\"og:site_name\" content=\"Bischoff Stein + Design\" \/>\n<meta property=\"article:publisher\" content=\"https:\/\/www.facebook.com\/people\/Naturstein-lauffen\/61556244130719\/?_rdr\" \/>\n<meta property=\"article:modified_time\" content=\"2024-07-07T20:23:53+00:00\" \/>\n<meta property=\"og:image\" content=\"https:\/\/bischoff.kaleidoskop-websites.de\/wp-content\/uploads\/2024\/07\/bischoff-sharing-picture.jpg\" \/>\n\t<meta property=\"og:image:width\" content=\"1200\" \/>\n\t<meta property=\"og:image:height\" content=\"675\" \/>\n\t<meta property=\"og:image:type\" content=\"image\/jpeg\" \/>\n<meta name=\"twitter:card\" content=\"summary_large_image\" \/>\n<script type=\"application\/ld+json\" class=\"yoast-schema-graph\">{\"@context\":\"https:\\\/\\\/schema.org\",\"@graph\":[{\"@type\":\"WebPage\",\"@id\":\"https:\\\/\\\/bischoff.kaleidoskop-websites.de\\\/?page_id=410\",\"url\":\"https:\\\/\\\/bischoff.kaleidoskop-websites.de\\\/?page_id=410\",\"name\":\"Aktuelle Naturstein-News - Bischoff Stein + Design\",\"isPartOf\":{\"@id\":\"https:\\\/\\\/bischoff.kaleidoskop-websites.de\\\/#website\"},\"datePublished\":\"2024-01-04T22:39:46+00:00\",\"dateModified\":\"2024-07-07T20:23:53+00:00\",\"description\":\"Bleiben Sie informiert \u00fcber die neuesten News und Events. \ud83d\udcde Jetzt informieren!\",\"breadcrumb\":{\"@id\":\"https:\\\/\\\/bischoff.kaleidoskop-websites.de\\\/?page_id=410#breadcrumb\"},\"inLanguage\":\"de\",\"potentialAction\":[{\"@type\":\"ReadAction\",\"target\":[\"https:\\\/\\\/bischoff.kaleidoskop-websites.de\\\/?page_id=410\"]}]},{\"@type\":\"BreadcrumbList\",\"@id\":\"https:\\\/\\\/bischoff.kaleidoskop-websites.de\\\/?page_id=410#breadcrumb\",\"itemListElement\":[{\"@type\":\"ListItem\",\"position\":1,\"name\":\"Startseite\",\"item\":\"https:\\\/\\\/bischoff.kaleidoskop-websites.de\\\/\"},{\"@type\":\"ListItem\",\"position\":2,\"name\":\"News und Events\"}]},{\"@type\":\"WebSite\",\"@id\":\"https:\\\/\\\/bischoff.kaleidoskop-websites.de\\\/#website\",\"url\":\"https:\\\/\\\/bischoff.kaleidoskop-websites.de\\\/\",\"name\":\"Bischoff Stein + Design\",\"description\":\"K\u00fcchen und Badelemente aus Naturstein, Keramik und Glas\",\"publisher\":{\"@id\":\"https:\\\/\\\/bischoff.kaleidoskop-websites.de\\\/#organization\"},\"potentialAction\":[{\"@type\":\"SearchAction\",\"target\":{\"@type\":\"EntryPoint\",\"urlTemplate\":\"https:\\\/\\\/bischoff.kaleidoskop-websites.de\\\/?s={search_term_string}\"},\"query-input\":{\"@type\":\"PropertyValueSpecification\",\"valueRequired\":true,\"valueName\":\"search_term_string\"}}],\"inLanguage\":\"de\"},{\"@type\":\"Organization\",\"@id\":\"https:\\\/\\\/bischoff.kaleidoskop-websites.de\\\/#organization\",\"name\":\"Bischoff Stein + Design\",\"url\":\"https:\\\/\\\/bischoff.kaleidoskop-websites.de\\\/\",\"logo\":{\"@type\":\"ImageObject\",\"inLanguage\":\"de\",\"@id\":\"https:\\\/\\\/bischoff.kaleidoskop-websites.de\\\/#\\\/schema\\\/logo\\\/image\\\/\",\"url\":\"https:\\\/\\\/bischoff.kaleidoskop-websites.de\\\/wp-content\\\/uploads\\\/2023\\\/09\\\/bischoff_logo-300x82-1.png\",\"contentUrl\":\"https:\\\/\\\/bischoff.kaleidoskop-websites.de\\\/wp-content\\\/uploads\\\/2023\\\/09\\\/bischoff_logo-300x82-1.png\",\"width\":300,\"height\":82,\"caption\":\"Bischoff Stein + Design\"},\"image\":{\"@id\":\"https:\\\/\\\/bischoff.kaleidoskop-websites.de\\\/#\\\/schema\\\/logo\\\/image\\\/\"},\"sameAs\":[\"https:\\\/\\\/www.facebook.com\\\/people\\\/Naturstein-lauffen\\\/61556244130719\\\/?_rdr\",\"https:\\\/\\\/www.instagram.com\\\/naturstein.lauffen\\\/\"]}]}<\/script>\n<!-- \/ Yoast SEO plugin. -->","yoast_head_json":{"title":"Aktuelle Naturstein-News - Bischoff Stein + Design","description":"Bleiben Sie informiert \u00fcber die neuesten News und Events. \ud83d\udcde Jetzt informieren!","robots":{"index":"index","follow":"follow","max-snippet":"max-snippet:-1","max-image-preview":"max-image-preview:large","max-video-preview":"max-video-preview:-1"},"canonical":"https:\/\/bischoff.kaleidoskop-websites.de\/?page_id=410","og_locale":"de_DE","og_type":"article","og_title":"Aktuelle Naturstein-News - Bischoff Stein + Design","og_description":"Bleiben Sie informiert \u00fcber die neuesten News und Events. \ud83d\udcde Jetzt informieren!","og_url":"https:\/\/bischoff.kaleidoskop-websites.de\/?page_id=410","og_site_name":"Bischoff Stein + Design","article_publisher":"https:\/\/www.facebook.com\/people\/Naturstein-lauffen\/61556244130719\/?_rdr","article_modified_time":"2024-07-07T20:23:53+00:00","og_image":[{"width":1200,"height":675,"url":"https:\/\/bischoff.kaleidoskop-websites.de\/wp-content\/uploads\/2024\/07\/bischoff-sharing-picture.jpg","type":"image\/jpeg"}],"twitter_card":"summary_large_image","schema":{"@context":"https:\/\/schema.org","@graph":[{"@type":"WebPage","@id":"https:\/\/bischoff.kaleidoskop-websites.de\/?page_id=410","url":"https:\/\/bischoff.kaleidoskop-websites.de\/?page_id=410","name":"Aktuelle Naturstein-News - Bischoff Stein + Design","isPartOf":{"@id":"https:\/\/bischoff.kaleidoskop-websites.de\/#website"},"datePublished":"2024-01-04T22:39:46+00:00","dateModified":"2024-07-07T20:23:53+00:00","description":"Bleiben Sie informiert \u00fcber die neuesten News und Events. \ud83d\udcde Jetzt informieren!","breadcrumb":{"@id":"https:\/\/bischoff.kaleidoskop-websites.de\/?page_id=410#breadcrumb"},"inLanguage":"de","potentialAction":[{"@type":"ReadAction","target":["https:\/\/bischoff.kaleidoskop-websites.de\/?page_id=410"]}]},{"@type":"BreadcrumbList","@id":"https:\/\/bischoff.kaleidoskop-websites.de\/?page_id=410#breadcrumb","itemListElement":[{"@type":"ListItem","position":1,"name":"Startseite","item":"https:\/\/bischoff.kaleidoskop-websites.de\/"},{"@type":"ListItem","position":2,"name":"News und Events"}]},{"@type":"WebSite","@id":"https:\/\/bischoff.kaleidoskop-websites.de\/#website","url":"https:\/\/bischoff.kaleidoskop-websites.de\/","name":"Bischoff Stein + Design","description":"K\u00fcchen und Badelemente aus Naturstein, Keramik und Glas","publisher":{"@id":"https:\/\/bischoff.kaleidoskop-websites.de\/#organization"},"potentialAction":[{"@type":"SearchAction","target":{"@type":"EntryPoint","urlTemplate":"https:\/\/bischoff.kaleidoskop-websites.de\/?s={search_term_string}"},"query-input":{"@type":"PropertyValueSpecification","valueRequired":true,"valueName":"search_term_string"}}],"inLanguage":"de"},{"@type":"Organization","@id":"https:\/\/bischoff.kaleidoskop-websites.de\/#organization","name":"Bischoff Stein + Design","url":"https:\/\/bischoff.kaleidoskop-websites.de\/","logo":{"@type":"ImageObject","inLanguage":"de","@id":"https:\/\/bischoff.kaleidoskop-websites.de\/#\/schema\/logo\/image\/","url":"https:\/\/bischoff.kaleidoskop-websites.de\/wp-content\/uploads\/2023\/09\/bischoff_logo-300x82-1.png","contentUrl":"https:\/\/bischoff.kaleidoskop-websites.de\/wp-content\/uploads\/2023\/09\/bischoff_logo-300x82-1.png","width":300,"height":82,"caption":"Bischoff Stein + Design"},"image":{"@id":"https:\/\/bischoff.kaleidoskop-websites.de\/#\/schema\/logo\/image\/"},"sameAs":["https:\/\/www.facebook.com\/people\/Naturstein-lauffen\/61556244130719\/?_rdr","https:\/\/www.instagram.com\/naturstein.lauffen\/"]}]}},"_links":{"self":[{"href":"https:\/\/bischoff.kaleidoskop-websites.de\/index.php?rest_route=\/wp\/v2\/pages\/410","targetHints":{"allow":["GET"]}}],"collection":[{"href":"https:\/\/bischoff.kaleidoskop-websites.de\/index.php?rest_route=\/wp\/v2\/pages"}],"about":[{"href":"https:\/\/bischoff.kaleidoskop-websites.de\/index.php?rest_route=\/wp\/v2\/types\/page"}],"author":[{"embeddable":true,"href":"https:\/\/bischoff.kaleidoskop-websites.de\/index.php?rest_route=\/wp\/v2\/users\/1"}],"replies":[{"embeddable":true,"href":"https:\/\/bischoff.kaleidoskop-websites.de\/index.php?rest_route=%2Fwp%2Fv2%2Fcomments&post=410"}],"version-history":[{"count":9,"href":"https:\/\/bischoff.kaleidoskop-websites.de\/index.php?rest_route=\/wp\/v2\/pages\/410\/revisions"}],"predecessor-version":[{"id":931,"href":"https:\/\/bischoff.kaleidoskop-websites.de\/index.php?rest_route=\/wp\/v2\/pages\/410\/revisions\/931"}],"wp:attachment":[{"href":"https:\/\/bischoff.kaleidoskop-websites.de\/index.php?rest_route=%2Fwp%2Fv2%2Fmedia&parent=410"}],"curies":[{"name":"wp","href":"https:\/\/api.w.org\/{rel}","templated":true}]}}