{"id":404,"date":"2024-01-04T12:41:11","date_gmt":"2024-01-04T11:41:11","guid":{"rendered":"https:\/\/bischoff.kaleidoskop-websites.de\/?page_id=404"},"modified":"2024-07-07T23:00:18","modified_gmt":"2024-07-07T21:00:18","slug":"kuechenfronten-und-kuechenrueckwaende","status":"publish","type":"page","link":"https:\/\/bischoff.kaleidoskop-websites.de\/?page_id=404","title":{"rendered":"K\u00fcchenfronten und K\u00fcchenr\u00fcckw\u00e4nde"},"content":{"rendered":"<p>[et_pb_section fb_built=&#8220;1&#8243; _builder_version=&#8220;4.26.0&#8243; _module_preset=&#8220;default&#8220; background_image=&#8220;https:\/\/bischoff.kaleidoskop-websites.de\/wp-content\/uploads\/2024\/01\/kuechenfronten-und-kuechenrueckwaende-hero.jpg&#8220; height=&#8220;60vh&#8220; height_tablet=&#8220;60vh&#8220; height_phone=&#8220;30vh&#8220; height_last_edited=&#8220;on|phone&#8220; global_colors_info=&#8220;{}&#8220;][\/et_pb_section][et_pb_section fb_built=&#8220;1&#8243; _builder_version=&#8220;4.26.0&#8243; _module_preset=&#8220;default&#8220; background_color=&#8220;RGBA(124,218,36,0)&#8220; positioning=&#8220;none&#8220; custom_margin=&#8220;-150px||||false|false&#8220; custom_margin_tablet=&#8220;-150px||||false|false&#8220; custom_margin_phone=&#8220;0px||||false|false&#8220; custom_margin_last_edited=&#8220;on|phone&#8220; custom_padding=&#8220;0px||||false|false&#8220; global_colors_info=&#8220;{}&#8220;][et_pb_row _builder_version=&#8220;4.23&#8243; _module_preset=&#8220;default&#8220; background_color=&#8220;#FFFFFF&#8220; width=&#8220;100%&#8220; max_width=&#8220;1280px&#8220; custom_padding=&#8220;0px||0px||false|false&#8220; border_radii=&#8220;off||||&#8220; border_width_top=&#8220;5px&#8220; border_color_top=&#8220;#01509E&#8220; box_shadow_style=&#8220;preset1&#8243; box_shadow_spread=&#8220;-5px&#8220; global_colors_info=&#8220;{}&#8220;][et_pb_column type=&#8220;4_4&#8243; _builder_version=&#8220;4.23&#8243; _module_preset=&#8220;default&#8220; global_colors_info=&#8220;{}&#8220;][et_pb_text _builder_version=&#8220;4.26.0&#8243; _module_preset=&#8220;default&#8220; text_font=&#8220;Montserrat||||||||&#8220; text_text_color=&#8220;#0A0908&#8243; header_font=&#8220;|800|||||||&#8220; header_font_size=&#8220;50px&#8220; background_color=&#8220;RGBA(124,218,36,0)&#8220; custom_margin=&#8220;60px|75px||75px|false|false&#8220; custom_margin_tablet=&#8220;60px|75px||75px|false|false&#8220; custom_margin_phone=&#8220;50px|10%|0px|10%|false|false&#8220; custom_margin_last_edited=&#8220;on|phone&#8220; custom_padding=&#8220;||||false|false&#8220; header_font_size_tablet=&#8220;50px&#8220; header_font_size_phone=&#8220;35px&#8220; header_font_size_last_edited=&#8220;on|phone&#8220; global_colors_info=&#8220;{}&#8220;]<\/p>\n<h1>K\u00fcchenfronten und K\u00fcchenr\u00fcckw\u00e4nde<\/h1>\n<p>[\/et_pb_text][et_pb_text _builder_version=&#8220;4.26.0&#8243; _module_preset=&#8220;default&#8220; text_font=&#8220;Montserrat||||||||&#8220; text_text_color=&#8220;#0A0908&#8243; header_font=&#8220;Fira Sans|900||on|||||&#8220; header_font_size=&#8220;70px&#8220; header_line_height=&#8220;1.5em&#8220; background_color=&#8220;RGBA(124,218,36,0)&#8220; custom_margin=&#8220;|75px|60px|75px|false|false&#8220; custom_margin_tablet=&#8220;|75px|60px|75px|false|false&#8220; custom_margin_phone=&#8220;|10%|60px|10%|false|false&#8220; custom_margin_last_edited=&#8220;on|phone&#8220; custom_padding=&#8220;||||false|false&#8220; global_colors_info=&#8220;{}&#8220;]<\/p>\n<p>K\u00fcchenfronten und R\u00fcckw\u00e4nde aus Naturstein, Quarz oder Keramik aus eigener Fertigung passen perfekt in jede Wunschk\u00fcche<\/p>\n<p>[\/et_pb_text][\/et_pb_column][\/et_pb_row][et_pb_row _builder_version=&#8220;4.23&#8243; _module_preset=&#8220;default&#8220; positioning=&#8220;absolute&#8220; position_origin_a=&#8220;bottom_center&#8220; vertical_offset=&#8220;-6px&#8220; z_index=&#8220;10&#8243; width=&#8220;100%&#8220; max_width=&#8220;1280px&#8220; global_colors_info=&#8220;{}&#8220;][et_pb_column type=&#8220;4_4&#8243; _builder_version=&#8220;4.23&#8243; _module_preset=&#8220;default&#8220; global_colors_info=&#8220;{}&#8220;][et_pb_icon font_icon=&#8220;&#x22;||divi||400&#8243; icon_color=&#8220;#FFFFFF&#8220; icon_width=&#8220;35px&#8220; url=&#8220;#footer&#8220; _builder_version=&#8220;4.26.0&#8243; _module_preset=&#8220;default&#8220; background_color=&#8220;#01509E&#8220; custom_padding=&#8220;20px|25px|20px|25px|false|false&#8220; custom_padding_tablet=&#8220;20px|25px|20px|25px|false|false&#8220; custom_padding_phone=&#8220;10px|10px|10px|10px|false|false&#8220; custom_padding_last_edited=&#8220;on|phone&#8220; border_color_all=&#8220;#FFFFFF&#8220; global_colors_info=&#8220;{}&#8220;][\/et_pb_icon][\/et_pb_column][\/et_pb_row][\/et_pb_section][et_pb_section fb_built=&#8220;1&#8243; _builder_version=&#8220;4.23&#8243; _module_preset=&#8220;default&#8220; global_colors_info=&#8220;{}&#8220;][et_pb_row column_structure=&#8220;1_2,1_2&#8243; _builder_version=&#8220;4.26.0&#8243; _module_preset=&#8220;default&#8220; width=&#8220;100%&#8220; width_tablet=&#8220;80%&#8220; width_phone=&#8220;80%&#8220; width_last_edited=&#8220;on|phone&#8220; max_width=&#8220;1280px&#8220; custom_padding=&#8220;0px||0px||false|false&#8220; hover_enabled=&#8220;0&#8243; global_colors_info=&#8220;{}&#8220; sticky_enabled=&#8220;0&#8243;][et_pb_column type=&#8220;1_2&#8243; _builder_version=&#8220;4.23&#8243; _module_preset=&#8220;default&#8220; global_colors_info=&#8220;{}&#8220;][et_pb_text _builder_version=&#8220;4.23&#8243; _module_preset=&#8220;default&#8220; text_font=&#8220;Montserrat||||||||&#8220; global_colors_info=&#8220;{}&#8220;]Genie\u00dfen Sie die Vorteile der Werkstoffe Naturstein, Keramik und Quarz auch als repr\u00e4sentative, kratzfeste und leicht zu pflegende K\u00fcchenfront oder eine stimmungsvolle Naturstein-R\u00fcckwand einer Wohnk\u00fcche, die gl\u00e4nzend zur Atmosph\u00e4re beitr\u00e4gt. Bieten Sie Ihren Kunden etwas Besonderes![\/et_pb_text][\/et_pb_column][et_pb_column type=&#8220;1_2&#8243; _builder_version=&#8220;4.23&#8243; _module_preset=&#8220;default&#8220; global_colors_info=&#8220;{}&#8220;][et_pb_text _builder_version=&#8220;4.23&#8243; _module_preset=&#8220;default&#8220; text_font=&#8220;Montserrat||||||||&#8220; global_colors_info=&#8220;{}&#8220;]Mit unserer eigenen Fertigung stellen wir sicher, dass Ihre Kunden sowohl detaillierte und kleinteilige Elemente der K\u00fcchenfronten und K\u00fcchenr\u00fcckw\u00e4nde aus Stein oder Keramik nutzen k\u00f6nnen, als auch gro\u00dfe, beeindruckende und einteilige Steinfronten. Diese verringern an den richtigen Stellen den Pflegeaufwand massiv und sind in punkto \u00c4sthetik einfach herausragend.[\/et_pb_text][\/et_pb_column][\/et_pb_row][\/et_pb_section][et_pb_section fb_built=&#8220;1&#8243; _builder_version=&#8220;4.23&#8243; _module_preset=&#8220;default&#8220; background_color=&#8220;#F8F8F8&#8243; custom_padding=&#8220;||||false|false&#8220; global_colors_info=&#8220;{}&#8220;][et_pb_row column_structure=&#8220;1_2,1_2&#8243; _builder_version=&#8220;4.26.0&#8243; _module_preset=&#8220;default&#8220; width=&#8220;100%&#8220; width_tablet=&#8220;80%&#8220; width_phone=&#8220;80%&#8220; width_last_edited=&#8220;on|phone&#8220; max_width=&#8220;1280px&#8220; custom_margin=&#8220;||||false|false&#8220; custom_padding=&#8220;0px||0px||false|false&#8220; hover_enabled=&#8220;0&#8243; global_colors_info=&#8220;{}&#8220; sticky_enabled=&#8220;0&#8243;][et_pb_column type=&#8220;1_2&#8243; _builder_version=&#8220;4.22.2&#8243; _module_preset=&#8220;default&#8220; global_colors_info=&#8220;{}&#8220;][et_pb_image src=&#8220;https:\/\/bischoff.kaleidoskop-websites.de\/wp-content\/uploads\/2024\/01\/kuechenfronten-und-kuechenrueckwaende01.jpg&#8220; title_text=&#8220;kuechenfronten-und-kuechenrueckwaende01&#8243; _builder_version=&#8220;4.23&#8243; _module_preset=&#8220;default&#8220; custom_margin=&#8220;||||false|false&#8220; box_shadow_style=&#8220;preset1&#8243; box_shadow_blur=&#8220;10px&#8220; global_colors_info=&#8220;{}&#8220;][\/et_pb_image][\/et_pb_column][et_pb_column type=&#8220;1_2&#8243; _builder_version=&#8220;4.23&#8243; _module_preset=&#8220;default&#8220; custom_padding=&#8220;||||false|false&#8220; global_colors_info=&#8220;{}&#8220;][et_pb_text _builder_version=&#8220;4.23&#8243; _module_preset=&#8220;default&#8220; text_font=&#8220;Montserrat||||||||&#8220; header_line_height=&#8220;2.2em&#8220; background_enable_color=&#8220;off&#8220; custom_margin=&#8220;10px||||false|false&#8220; custom_padding=&#8220;||||false|false&#8220; global_colors_info=&#8220;{}&#8220;]Keramik ist einer der Klassiker im Bereich der K\u00fcchenfronten. Mit gutem Grund: In Hitzebest\u00e4ndigkeit, Stabilit\u00e4t, Hygiene und der Vielfalt an Auswahl sind Keramikprodukte extrem gut aufgestellt. Dabei bleiben sie nachhaltig und bestehen aus nat\u00fcrlichen Rohstoffen. Zus\u00e4tzlich sind sie in jedem gew\u00fcnschten Stil erh\u00e4ltlich, von minimalistisch modern bis zu inspirierenden Mustern und Farben.<\/p>\n<p>Quarzstein, in diesem Fall ein versintertes oder verharztes modernes Quarzsteinkomposit, bearbeiten wir ebenfalls selbst f\u00fcr Sie. Quarzkomposit ist in vielen Farben und Mustern erh\u00e4ltlich, die das Aussehen von Naturstein imitieren k\u00f6nnen oder einen anderen modernen Look schaffen k\u00f6nnen. Diese Art von Stein besitzt au\u00dferdem keine Poren, in denen sich Bakterien oder Schmutz ansammeln k\u00f6nnten und ist daher \u00e4u\u00dferst hygienisch und leicht zu pflegen. Er ist einfach sch\u00f6n und bleibt dabei entspannend funktional.[\/et_pb_text][\/et_pb_column][\/et_pb_row][\/et_pb_section][et_pb_section fb_built=&#8220;1&#8243; _builder_version=&#8220;4.23&#8243; _module_preset=&#8220;default&#8220; background_color=&#8220;#FFFFFF&#8220; custom_padding=&#8220;||||false|false&#8220; global_colors_info=&#8220;{}&#8220;][et_pb_row column_structure=&#8220;1_2,1_2&#8243; _builder_version=&#8220;4.26.0&#8243; _module_preset=&#8220;default&#8220; width=&#8220;100%&#8220; width_tablet=&#8220;80%&#8220; width_phone=&#8220;80%&#8220; width_last_edited=&#8220;on|phone&#8220; max_width=&#8220;1280px&#8220; custom_padding=&#8220;0px||0px||false|false&#8220; hover_enabled=&#8220;0&#8243; global_colors_info=&#8220;{}&#8220; sticky_enabled=&#8220;0&#8243;][et_pb_column type=&#8220;1_2&#8243; _builder_version=&#8220;4.23&#8243; _module_preset=&#8220;default&#8220; custom_padding=&#8220;||||false|false&#8220; global_colors_info=&#8220;{}&#8220;][et_pb_image src=&#8220;https:\/\/bischoff.kaleidoskop-websites.de\/wp-content\/uploads\/2024\/01\/kuechenfronten-und-kuechenrueckwaende02.jpg&#8220; title_text=&#8220;kuechenfronten-und-kuechenrueckwaende02&#8243; disabled_on=&#8220;off|off|on&#8220; _builder_version=&#8220;4.26.0&#8243; _module_preset=&#8220;default&#8220; custom_margin=&#8220;||||false|false&#8220; custom_padding=&#8220;|||0px||&#8220; box_shadow_style=&#8220;preset1&#8243; box_shadow_blur=&#8220;10px&#8220; global_colors_info=&#8220;{}&#8220;][\/et_pb_image][et_pb_text _builder_version=&#8220;4.23&#8243; _module_preset=&#8220;default&#8220; text_font=&#8220;Montserrat||||||||&#8220; background_enable_color=&#8220;off&#8220; custom_margin=&#8220;10px||||false|false&#8220; custom_padding=&#8220;||||false|false&#8220; global_colors_info=&#8220;{}&#8220;]Natursteine wie Marmor oder Granit bringen Tradition, Einzigartigkeit und Stil in die K\u00fcche. Kaum etwas im Bereich K\u00fcche hat eine so charakteristische Ausstrahlung, die viele Gestaltungsarten erm\u00f6glichen kann: Ob unvergleichliche Naturn\u00e4he oder auch historische Referenzen auf luxuri\u00f6se Ausstattungen vergangener Jahrhunderte. Dabei bleiben sie durch innovative Versiegelungstechniken pflegeleicht und robust. Ob majest\u00e4tisch, traditionell oder nat\u00fcrlich \u2013 Natursteine besitzen einen eigenen Charakter, den Sie f\u00fcr die Ausstrahlung und das Design einer K\u00fcche nutzen k\u00f6nnen.<\/p>\n<p>Wir helfen Ihnen, K\u00fcchenfronten und -r\u00fcckw\u00e4nde perfekt einzubauen. Von der Auswahl, auf Wunsch auch mit Ihrem Kunden, \u00fcber die Planung bis zur Umsetzung sind wir von Bischoff Stein + Design aus Lauffen am Neckar an Ihrer Seite.[\/et_pb_text][\/et_pb_column][et_pb_column type=&#8220;1_2&#8243; _builder_version=&#8220;4.22.2&#8243; _module_preset=&#8220;default&#8220; global_colors_info=&#8220;{}&#8220;][et_pb_image src=&#8220;https:\/\/bischoff.kaleidoskop-websites.de\/wp-content\/uploads\/2024\/01\/kuechenfronten-und-kuechenrueckwaende02.jpg&#8220; title_text=&#8220;kuechenfronten-und-kuechenrueckwaende02&#8243; disabled_on=&#8220;on|on|off&#8220; _builder_version=&#8220;4.26.0&#8243; _module_preset=&#8220;default&#8220; custom_margin=&#8220;||||false|false&#8220; custom_padding=&#8220;|||0px||&#8220; box_shadow_style=&#8220;preset1&#8243; box_shadow_blur=&#8220;10px&#8220; global_colors_info=&#8220;{}&#8220;][\/et_pb_image][\/et_pb_column][\/et_pb_row][\/et_pb_section]<\/p>\n","protected":false},"excerpt":{"rendered":"<p>K\u00fcchenfronten und K\u00fcchenr\u00fcckw\u00e4ndeK\u00fcchenfronten und R\u00fcckw\u00e4nde aus Naturstein, Quarz oder Keramik aus eigener Fertigung passen perfekt in jede Wunschk\u00fccheGenie\u00dfen Sie die Vorteile der Werkstoffe Naturstein, Keramik und Quarz auch als repr\u00e4sentative, kratzfeste und leicht zu pflegende K\u00fcchenfront oder eine stimmungsvolle Naturstein-R\u00fcckwand einer Wohnk\u00fcche, die gl\u00e4nzend zur Atmosph\u00e4re beitr\u00e4gt. Bieten Sie Ihren Kunden etwas Besonderes!Mit unserer eigenen [&hellip;]<\/p>\n","protected":false},"author":1,"featured_media":0,"parent":0,"menu_order":0,"comment_status":"closed","ping_status":"closed","template":"","meta":{"_et_pb_use_builder":"on","_et_pb_old_content":"","_et_gb_content_width":"","footnotes":""},"class_list":["post-404","page","type-page","status-publish","hentry"],"yoast_head":"<!-- This site is optimized with the Yoast SEO plugin v27.4 - https:\/\/yoast.com\/product\/yoast-seo-wordpress\/ -->\n<title>Elegante Naturstein-K\u00fcchenfronten - Bischoff Stein + Design<\/title>\n<meta name=\"description\" content=\"Stilvolle K\u00fcchenfronten und R\u00fcckw\u00e4nde aus Naturstein gestalten. \ud83d\udcde Jetzt neu gestalten!\" \/>\n<meta name=\"robots\" content=\"index, follow, max-snippet:-1, max-image-preview:large, max-video-preview:-1\" \/>\n<link rel=\"canonical\" href=\"https:\/\/bischoff.kaleidoskop-websites.de\/?page_id=404\" \/>\n<meta property=\"og:locale\" content=\"de_DE\" \/>\n<meta property=\"og:type\" content=\"article\" \/>\n<meta property=\"og:title\" content=\"Elegante Naturstein-K\u00fcchenfronten - Bischoff Stein + Design\" \/>\n<meta property=\"og:description\" content=\"Stilvolle K\u00fcchenfronten und R\u00fcckw\u00e4nde aus Naturstein gestalten. \ud83d\udcde Jetzt neu gestalten!\" \/>\n<meta property=\"og:url\" content=\"https:\/\/bischoff.kaleidoskop-websites.de\/?page_id=404\" \/>\n<meta property=\"og:site_name\" content=\"Bischoff Stein + Design\" \/>\n<meta property=\"article:publisher\" content=\"https:\/\/www.facebook.com\/people\/Naturstein-lauffen\/61556244130719\/?_rdr\" \/>\n<meta property=\"article:modified_time\" content=\"2024-07-07T21:00:18+00:00\" \/>\n<meta property=\"og:image\" content=\"https:\/\/bischoff.kaleidoskop-websites.de\/wp-content\/uploads\/2024\/07\/bischoff-sharing-picture.jpg\" \/>\n\t<meta property=\"og:image:width\" content=\"1200\" \/>\n\t<meta property=\"og:image:height\" content=\"675\" \/>\n\t<meta property=\"og:image:type\" content=\"image\/jpeg\" \/>\n<meta name=\"twitter:card\" content=\"summary_large_image\" \/>\n<meta name=\"twitter:label1\" content=\"Gesch\u00e4tzte Lesezeit\" \/>\n\t<meta name=\"twitter:data1\" content=\"6\u00a0Minuten\" \/>\n<script type=\"application\/ld+json\" class=\"yoast-schema-graph\">{\"@context\":\"https:\\\/\\\/schema.org\",\"@graph\":[{\"@type\":\"WebPage\",\"@id\":\"https:\\\/\\\/bischoff.kaleidoskop-websites.de\\\/?page_id=404\",\"url\":\"https:\\\/\\\/bischoff.kaleidoskop-websites.de\\\/?page_id=404\",\"name\":\"Elegante Naturstein-K\u00fcchenfronten - Bischoff Stein + Design\",\"isPartOf\":{\"@id\":\"https:\\\/\\\/bischoff.kaleidoskop-websites.de\\\/#website\"},\"datePublished\":\"2024-01-04T11:41:11+00:00\",\"dateModified\":\"2024-07-07T21:00:18+00:00\",\"description\":\"Stilvolle K\u00fcchenfronten und R\u00fcckw\u00e4nde aus Naturstein gestalten. \ud83d\udcde Jetzt neu gestalten!\",\"breadcrumb\":{\"@id\":\"https:\\\/\\\/bischoff.kaleidoskop-websites.de\\\/?page_id=404#breadcrumb\"},\"inLanguage\":\"de\",\"potentialAction\":[{\"@type\":\"ReadAction\",\"target\":[\"https:\\\/\\\/bischoff.kaleidoskop-websites.de\\\/?page_id=404\"]}]},{\"@type\":\"BreadcrumbList\",\"@id\":\"https:\\\/\\\/bischoff.kaleidoskop-websites.de\\\/?page_id=404#breadcrumb\",\"itemListElement\":[{\"@type\":\"ListItem\",\"position\":1,\"name\":\"Startseite\",\"item\":\"https:\\\/\\\/bischoff.kaleidoskop-websites.de\\\/\"},{\"@type\":\"ListItem\",\"position\":2,\"name\":\"K\u00fcchenfronten und K\u00fcchenr\u00fcckw\u00e4nde\"}]},{\"@type\":\"WebSite\",\"@id\":\"https:\\\/\\\/bischoff.kaleidoskop-websites.de\\\/#website\",\"url\":\"https:\\\/\\\/bischoff.kaleidoskop-websites.de\\\/\",\"name\":\"Bischoff Stein + Design\",\"description\":\"K\u00fcchen und Badelemente aus Naturstein, Keramik und Glas\",\"publisher\":{\"@id\":\"https:\\\/\\\/bischoff.kaleidoskop-websites.de\\\/#organization\"},\"potentialAction\":[{\"@type\":\"SearchAction\",\"target\":{\"@type\":\"EntryPoint\",\"urlTemplate\":\"https:\\\/\\\/bischoff.kaleidoskop-websites.de\\\/?s={search_term_string}\"},\"query-input\":{\"@type\":\"PropertyValueSpecification\",\"valueRequired\":true,\"valueName\":\"search_term_string\"}}],\"inLanguage\":\"de\"},{\"@type\":\"Organization\",\"@id\":\"https:\\\/\\\/bischoff.kaleidoskop-websites.de\\\/#organization\",\"name\":\"Bischoff Stein + Design\",\"url\":\"https:\\\/\\\/bischoff.kaleidoskop-websites.de\\\/\",\"logo\":{\"@type\":\"ImageObject\",\"inLanguage\":\"de\",\"@id\":\"https:\\\/\\\/bischoff.kaleidoskop-websites.de\\\/#\\\/schema\\\/logo\\\/image\\\/\",\"url\":\"https:\\\/\\\/bischoff.kaleidoskop-websites.de\\\/wp-content\\\/uploads\\\/2023\\\/09\\\/bischoff_logo-300x82-1.png\",\"contentUrl\":\"https:\\\/\\\/bischoff.kaleidoskop-websites.de\\\/wp-content\\\/uploads\\\/2023\\\/09\\\/bischoff_logo-300x82-1.png\",\"width\":300,\"height\":82,\"caption\":\"Bischoff Stein + Design\"},\"image\":{\"@id\":\"https:\\\/\\\/bischoff.kaleidoskop-websites.de\\\/#\\\/schema\\\/logo\\\/image\\\/\"},\"sameAs\":[\"https:\\\/\\\/www.facebook.com\\\/people\\\/Naturstein-lauffen\\\/61556244130719\\\/?_rdr\",\"https:\\\/\\\/www.instagram.com\\\/naturstein.lauffen\\\/\"]}]}<\/script>\n<!-- \/ Yoast SEO plugin. -->","yoast_head_json":{"title":"Elegante Naturstein-K\u00fcchenfronten - Bischoff Stein + Design","description":"Stilvolle K\u00fcchenfronten und R\u00fcckw\u00e4nde aus Naturstein gestalten. \ud83d\udcde Jetzt neu gestalten!","robots":{"index":"index","follow":"follow","max-snippet":"max-snippet:-1","max-image-preview":"max-image-preview:large","max-video-preview":"max-video-preview:-1"},"canonical":"https:\/\/bischoff.kaleidoskop-websites.de\/?page_id=404","og_locale":"de_DE","og_type":"article","og_title":"Elegante Naturstein-K\u00fcchenfronten - Bischoff Stein + Design","og_description":"Stilvolle K\u00fcchenfronten und R\u00fcckw\u00e4nde aus Naturstein gestalten. \ud83d\udcde Jetzt neu gestalten!","og_url":"https:\/\/bischoff.kaleidoskop-websites.de\/?page_id=404","og_site_name":"Bischoff Stein + Design","article_publisher":"https:\/\/www.facebook.com\/people\/Naturstein-lauffen\/61556244130719\/?_rdr","article_modified_time":"2024-07-07T21:00:18+00:00","og_image":[{"width":1200,"height":675,"url":"https:\/\/bischoff.kaleidoskop-websites.de\/wp-content\/uploads\/2024\/07\/bischoff-sharing-picture.jpg","type":"image\/jpeg"}],"twitter_card":"summary_large_image","twitter_misc":{"Gesch\u00e4tzte Lesezeit":"6\u00a0Minuten"},"schema":{"@context":"https:\/\/schema.org","@graph":[{"@type":"WebPage","@id":"https:\/\/bischoff.kaleidoskop-websites.de\/?page_id=404","url":"https:\/\/bischoff.kaleidoskop-websites.de\/?page_id=404","name":"Elegante Naturstein-K\u00fcchenfronten - Bischoff Stein + Design","isPartOf":{"@id":"https:\/\/bischoff.kaleidoskop-websites.de\/#website"},"datePublished":"2024-01-04T11:41:11+00:00","dateModified":"2024-07-07T21:00:18+00:00","description":"Stilvolle K\u00fcchenfronten und R\u00fcckw\u00e4nde aus Naturstein gestalten. \ud83d\udcde Jetzt neu gestalten!","breadcrumb":{"@id":"https:\/\/bischoff.kaleidoskop-websites.de\/?page_id=404#breadcrumb"},"inLanguage":"de","potentialAction":[{"@type":"ReadAction","target":["https:\/\/bischoff.kaleidoskop-websites.de\/?page_id=404"]}]},{"@type":"BreadcrumbList","@id":"https:\/\/bischoff.kaleidoskop-websites.de\/?page_id=404#breadcrumb","itemListElement":[{"@type":"ListItem","position":1,"name":"Startseite","item":"https:\/\/bischoff.kaleidoskop-websites.de\/"},{"@type":"ListItem","position":2,"name":"K\u00fcchenfronten und K\u00fcchenr\u00fcckw\u00e4nde"}]},{"@type":"WebSite","@id":"https:\/\/bischoff.kaleidoskop-websites.de\/#website","url":"https:\/\/bischoff.kaleidoskop-websites.de\/","name":"Bischoff Stein + Design","description":"K\u00fcchen und Badelemente aus Naturstein, Keramik und Glas","publisher":{"@id":"https:\/\/bischoff.kaleidoskop-websites.de\/#organization"},"potentialAction":[{"@type":"SearchAction","target":{"@type":"EntryPoint","urlTemplate":"https:\/\/bischoff.kaleidoskop-websites.de\/?s={search_term_string}"},"query-input":{"@type":"PropertyValueSpecification","valueRequired":true,"valueName":"search_term_string"}}],"inLanguage":"de"},{"@type":"Organization","@id":"https:\/\/bischoff.kaleidoskop-websites.de\/#organization","name":"Bischoff Stein + Design","url":"https:\/\/bischoff.kaleidoskop-websites.de\/","logo":{"@type":"ImageObject","inLanguage":"de","@id":"https:\/\/bischoff.kaleidoskop-websites.de\/#\/schema\/logo\/image\/","url":"https:\/\/bischoff.kaleidoskop-websites.de\/wp-content\/uploads\/2023\/09\/bischoff_logo-300x82-1.png","contentUrl":"https:\/\/bischoff.kaleidoskop-websites.de\/wp-content\/uploads\/2023\/09\/bischoff_logo-300x82-1.png","width":300,"height":82,"caption":"Bischoff Stein + Design"},"image":{"@id":"https:\/\/bischoff.kaleidoskop-websites.de\/#\/schema\/logo\/image\/"},"sameAs":["https:\/\/www.facebook.com\/people\/Naturstein-lauffen\/61556244130719\/?_rdr","https:\/\/www.instagram.com\/naturstein.lauffen\/"]}]}},"_links":{"self":[{"href":"https:\/\/bischoff.kaleidoskop-websites.de\/index.php?rest_route=\/wp\/v2\/pages\/404","targetHints":{"allow":["GET"]}}],"collection":[{"href":"https:\/\/bischoff.kaleidoskop-websites.de\/index.php?rest_route=\/wp\/v2\/pages"}],"about":[{"href":"https:\/\/bischoff.kaleidoskop-websites.de\/index.php?rest_route=\/wp\/v2\/types\/page"}],"author":[{"embeddable":true,"href":"https:\/\/bischoff.kaleidoskop-websites.de\/index.php?rest_route=\/wp\/v2\/users\/1"}],"replies":[{"embeddable":true,"href":"https:\/\/bischoff.kaleidoskop-websites.de\/index.php?rest_route=%2Fwp%2Fv2%2Fcomments&post=404"}],"version-history":[{"count":10,"href":"https:\/\/bischoff.kaleidoskop-websites.de\/index.php?rest_route=\/wp\/v2\/pages\/404\/revisions"}],"predecessor-version":[{"id":952,"href":"https:\/\/bischoff.kaleidoskop-websites.de\/index.php?rest_route=\/wp\/v2\/pages\/404\/revisions\/952"}],"wp:attachment":[{"href":"https:\/\/bischoff.kaleidoskop-websites.de\/index.php?rest_route=%2Fwp%2Fv2%2Fmedia&parent=404"}],"curies":[{"name":"wp","href":"https:\/\/api.w.org\/{rel}","templated":true}]}}